ded by 33.
6
Calculate the remainder when 345 is divided by 27.
21
Calculate the remainder when 43 is divided by 16.
11
Calculate the remainder when 1133 is divided by 276.
29
Calculate the remainder when 118 is divided by 25.
18
What is the remainder when 279 is divided by 80?
39
What is the remainder when 112 is divided by 23?
20
Calculate the remainder when 2638 is divided by 17.
3
What is the remainder when 2908 is divided by 104?
100
Calculate the remainder when 113 is divided by 20.
13
Calculate the remainder when 208 is divided by 70.
68
Calculate the remainder when 235 is divided by 20.
15
Calculate the remainder when 1559 is divided by 88.
63
Calculate the remainder when 12990 is divided by 71.
68
Calculate the remainder when 232 is divided by 13.
11
Calculate the remainder when 57 is divided by 43.
14
What is the remainder when 48 is divided by 34?
14
What is the remainder when 126 is divided by 71?
55
What is the remainder when 2559 is divided by 1265?
29
What is the remainder when 2636 is divided by 242?
216
What is the remainder when 699 is divided by 143?
127
Calculate the remainder when 159 is divided by 15.
9
Calculate the remainder when 292 is divided by 42.
40
What is the remainder when 17304 is divided by 17?
15
What is the remainder when 2739 is divided by 130?
9
What is the remainder when 363 is divided by 37?
30
Calculate the remainder when 164 is divided by 53.
5
What is the remainder when 489 is divided by 126?
111
What is the remainder when 3070 is divided by 171?
163
What is the remainder when 20 is divided by 17?
3
Calculate the remainder when 467 is divided by 52.
51
What is the remainder when 86 is divided by 81?
5
What is the remainder when 508 is divided by 71?
11
Calculate the remainder when 108 is divided by 45.
18
Calculate the remainder when 511 is divided by 19.
17
What is the remainder when 85 is divided by 33?
19
Calculate the remainder when 101 is divided by 11.
2
Calculate the remainder when 200 is divided by 67.
66
What is the remainder when 565 is divided by 15?
10
Calculate the remainder when 54 is divided by 34.
20
Calculate the remainder when 219 is divided by 76.
67
What is the remainder when 331 is divided by 42?
37
Calculate the remainder when 30 is divided by 10.
0
What is the remainder when 1269 is divided by 212?
209
What is the remainder when 93 is divided by 19?
17
What is the remainder when 695 is divided by 6?
5
What is the remainder when 146 is divided by 30?
26
What is the remainder when 727 is divided by 28?
27
What is the remainder when 88 is divided by 67?
21
What is the remainder when 118 is divided by 20?
18
Calculate the remainder when 544 is divided by 21.
19
What is the remainder when 1801 is divided by 354?
31
What is the remainder when 190 is divided by 32?
30
Calculate the remainder when 1423 is divided by 19.
17
Calculate the remainder when 971 is divided by 40.
11
Calculate the remainder when 2388 is divided by 18.
12
What is the remainder when 6877 is divided by 26?
13
What is the remainder when 69275 is divided by 67?
64
Calculate the remainder when 172 is divided by 49.
25
Calculate the remainder when 8 is divided by 7.
1
Calculate the remainder when 29796 is divided by 50.
46
Calculate the remainder when 333 is divided by 13.
8
What is the remainder when 81 is divided by 9?
0
Calculate the remainder when 2466 is divided by 6.
0
What is the remainder when 595 is divided by 116?
15
What is the remainder when 90 is divided by 38?
14
Calculate the remainder when 1304 is divided by 8.
0
What is the remainder when 563 is divided by 47?
46
Calculate the remainder when 108 is divided by 55.
53
Calculate the remainder when 313 is divided by 29.
23
Calculate the remainder when 7232 is divided by 67.
63
Calculate the remainder when 16 is divided by 8.
0
What is the remainder when 4713 is divided by 14?
9
What is the remainder when 811 is divided by 12?
7
What is the remainder when 198 is divided by 71?
56
What is the remainder when 2458 is divided by 41?
39
What is the remainder when 9119 is divided by 76?
75
Calculate the remainder when 167 is divided by 12.
11
Calculate the remainder when 793 is divided by 15.
13
Calculate the remainder when 1188 is divided by 5.
3
What is the remainder when 139 is divided by 13?
9
What is the remainder when 11253 is divided by 12?
9
What is the remainder when 507 is divided by 94?
37
What is the remainder when 492 is divided by 30?
12
What is the remainder when 709 is divided by 349?
11
Calculate the remainder when 543 is divided by 106.
13
Calculate the remainder when 139 is divided by 65.
9
Calculate the remainder when 1127 is divided by 103.
97
What is the remainder when 13483 is divided by 5?
3
Calculate the remainder when 105 is divided by 22.
17
What is the remainder when 914 is divided by 7?
4
Calculate the remainder when 32 is divided by 10.
2
Calculate the remainder when 37 is divided by 21.
16
What is the remainder when 1092 is divided by 181?
6
Calculate the remainder when 517 is divided by 87.
82
Calculate the remainder when 516 is divided by 255.
6
What is the remainder when 29 is divided by 6?
5
Calculate the remainder when 392 is divided by 5.
2
What is the remainder when 12 is divided by 4?
0
What is the remainder when 104 is divided by 22?
16
What is the remainder when 755 is divided by 14?
13
What is the remainder when 154 is divided by 54?
46
What is the remainder when 18596 is divided by 34?
32
Calculate the remainder when 287 is divided by 58.
55
What is the remainder when 340 is divided by 35?
25
What is the remainder when 1522 is divided by 109?
105
What is the remainder when 399 is divided by 95?
19
What is the remainder when 111 is divided by 24?
15
Calculate the remainder when 1291 is divided by 25.
16
Calculate the remainder when 296 is divided by 127.
42
Calculate the remainder when 416 is divided by 10.
6
Calculate the remainder when 693 is divided by 688.
5
What is the remainder when 107 is divided by 28?
23
What is the remainder when 2088 is divided by 10?
8
Calculate the remainder when 232 is divided by 47.
44
Calculate the remainder when 698 is divided by 37.
32
Calculate the remainder when 157 is divided by 39.
1
Calculate the remainder when 179 is divided by 17.
9
What is the remainder when 2437 is divided by 33?
28
Calculate the remainder when 417 is divided by 71.
62
What is the remainder when 73 is divided by 21?
10
Calculate the remainder when 783 is divided by 381.
21
What is the remainder when 2015 is divided by 16?
15
Calculate the remainder when 926 is divided by 32.
30
What is the remainder when 223 is divided by 45?
43
Calculate the remainder when 136 is divided by 13.
6
Calculate the remainder when 115 is divided by 21.
10
What is the remainder when 321 is divided by 6?
3
Calculate the remainder when 173 is divided by 16.
13
Calculate the remainder when 8959 is divided by 28.
27
What is the remainder when 155 is divided by 3?
2
Calculate the remainder when 335 is divided by 12.
11
What is the remainder when 74 is divided by 3?
2
What is the remainder when 516 is divided by 22?
10
Calculate the remainder when 76 is divided by 22.
10
Calculate the remainder when 147 is divided by 78.
69
What is the remainder when 302 is divided by 38?
36
What is the remainder when 289 is divided by 58?
57
What is the remainder when 10679 is divided by 109?
106
Calculate the remainder when 1106 is divided by 46.
2
Calculate the remainder when 841 is divided by 65.
61
Calculate the remainder when 2984 is divided by 36.
32
Calculate the remainder when 58 is divided by 6.
4
What is the remainder when 60 is divided by 22?
16
Calculate the remainder when 783 is divided by 99.
90
Calculate the remainder when 1147 is divided by 342.
121
What is the remainder when 2914 is divided by 9?
7
What is the remainder when 30 is divided by 17?
13
What is the remainder when 983 is divided by 41?
40
What is the remainder when 1197 is divided by 151?
140
Calculate the remainder when 731 is divided by 25.
6
Calculate the remainder when 69 is divided by 8.
5
What is the remainder when 634 is divided by 24?
10
Calculate the remainder when 161 is divided by 36.
17
What is the remainder when 1178 is divided by 237?
230
What is the remainde